divided by l.
14
Let u(y) = -y + 11. Let v(z) = 3*z**2 - 1. Let s(q) = q + 4. Let w be s(-5). Calculate the remainder when u(8) is divided by v(w).
1
Let i = 98 - 43. Calculate the remainder when i is divided by 19.
17
Suppose 3*g - 2*g - 68 = 0. Suppose -2*n = -3*q + g, q = 6*q + 2*n - 140. Calculate the remainder when 76 is divided by q.
24
Suppose -3*u = -3*m - 0*u + 12, m - 3*u = 6. Suppose m*c - i - 29 = 15, -2*c + 4*i + 16 = 0. What is the remainder when 62 is divided by c?
14
Suppose z = 3*z - 30. Calculate the remainder when z is divided by 2*(3 + 0) + 2.
7
Let n = -31 + -14. Calculate the remainder when 17 is divided by 4/(-6)*n/6.
2
Suppose 78 = 5*s - 2*d, 5*d - 41 = -5*s + 44. Calculate the remainder when s is divided by 9.
7
Suppose -11*g = -5*g - 324. Calculate the remainder when g is divided by 14.
12
Suppose 0 = -2*f - 3*g + 41, -3*g = -2*f + 3*f - 22. Calculate the remainder when 2/(-1) + 4 + 35 is divided by f.
18
Suppose 34 = -4*o + 5*y + 11, 3*o - y = -9. Suppose 3*q + 3*r + 12 = 0, 3*q - 5*q - r - 7 = 0. Calculate the remainder when ((-1)/q)/(o/(-42)) is divided by 3.
1
Suppose -n - n = -86. Suppose -2*v - 2*k + 32 = 0, 5*v - 4*v - 20 = -5*k. What is the remainder when n is divided by v?
13
Let o(v) = -47*v + 20. Calculate the remainder when o(-4) is divided by 53.
49
Let q(b) = 4*b - 3 - b**2 + b - 6*b + 12. Calculate the remainder when 16 is divided by q(0).
7
Let o(j) = 3*j**2 + 2*j - 1. Let x(i) = -i**2 - 6*i + 8. Let t be x(-7). Let k be o(t). Suppose -k*u + 4 = -12. What is the remainder when 11 is divided by u?
3
Let f(y) = -y**3 - 27*y**2 - 24*y + 62. Calculate the remainder when f(-26) is divided by 4.
2
Suppose 4*w - 212 = 4*l, -2*w - 5*l = -0*l - 85. Calculate the remainder when w is divided by 13.
11
Let c = -6 + 12. What is the remainder when 21 is divided by c?
3
Suppose -68 = -11*y + 240. What is the remainder when 81 is divided by y?
25
Let i(l) = l**2 + 13*l - 31. Suppose 5*h + 2*w - 260 = -0*w, 0 = -2*h - 2*w + 110. Calculate the remainder when h is divided by i(-16).
16
Suppose -x - 3*o + 10 = -4*o, 0 = 3*x - 5*o - 24. Let r be (-2 + 8)*(-247)/3. What is the remainder when 6/(-15) - r/10 is divided by x?
10
Let y = 9 - -3. What is the remainder when 17 is divided by y?
5
Let v = 98 + -49. Let j(m) = m**3 - 2*m**2 + 2*m - 2. Calculate the remainder when v is divided by j(3).
10
Suppose -3*y - 12 = 0, 0*f + f + 4*y = -12. Let h(i) = i**2 + 13*i - 19. Let o = -12 + -3. What is the remainder when h(o) is divided by f?
3
Let q = 19 + -5. Let o(c) be the second derivative of c**5/20 + 5*c**4/12 - 2*c**3/3 - 2*c**2 - c. What is the remainder when o(-3) is divided by q?
12
What is the remainder when 58 is divided by 15 - (-2 + 4 - 2)?
13
Let o = -84 + 96. What is the remainder when o is divided by 7?
5
Suppose 0 = -3*z + 37 - 1. Let s = -12 + 59. What is the remainder when s is divided by z?
11
Suppose 2*a - 44 = v, 4*a - v - 88 = 3*v. What is the remainder when a is divided by 13?
9
Let x(q) = 20*q - 4. Let b(h) = 9*h - 1. Calculate the remainder when b(5) is divided by x(1).
12
Let d = 7 + 9. Calculate the remainder when d is divided by 10.
6
Let a be (-4)/2*-5*1. Let g = 19 - a. What is the remainder when 26 is divided by g?
8
Let a(w) be the first derivative of -w**3/3 + 15*w**2/2 - 18*w - 1. What is the remainder when a(12) is divided by 10?
8
Suppose 3*d - 155 - 112 = 0. Calculate the remainder when d is divided by 45.
44
Let t(g) = 4*g - 3. Suppose 4*z + 0*z + 12 = 0, 2*a - 5*z = 25. What is the remainder when 31 is divided by t(a)?
14
Suppose l = -2*g + 2, 0*g - 5*l - 14 = 2*g. Suppose 0 = -5*r + 2*a + 26, 5*a + g + 8 = -r. Calculate the remainder when 9 is divided by r.
1
Suppose -5*u + 35 = -4*x, -2*u - u = -2*x - 19. Let n = 2 - x. Suppose w = 10 + 9. What is the remainder when w is divided by n?
5
Suppose -4*c - 13 = 5*m - 56, c + 3*m = 16. Calculate the remainder when (-3)/c - (-650)/14 is divided by 24.
22
Let c(q) = q**3 - 2*q - 1. Let j be c(-1). Suppose -4*z - 2*b + 254 = j, -z + 4*b + 87 - 10 = 0. Calculate the remainder when z is divided by 22.
21
Suppose -30 = -3*b - 5*h, 2*b + 4*h - 20 - 2 = 0. Suppose 3*y = b*y - 24. Calculate the remainder when ((-196)/y)/((-2)/6) is divided by 17.
15
Let f be 8/(-6)*(-3)/2. Suppose f*s - 8 = 4. Suppose s*w - 3*w = 45. What is the remainder when 28 is divided by w?
13
Let y(b) = b**3 + 7*b**2 + b + 8. Suppose -r - 1 = -3*a, -5*r - 5*a = 39 + 6. What is the remainder when 2 is divided by y(r)?
0
Let p(q) = 27*q**3 + q**2 - 3*q + 2. Calculate the remainder when 128 is divided by p(1).
20
Let w = -22 + 36. Let o be (6/4)/((-2)/4). Let i = o + w. What is the remainder when 21 is divided by i?
10
Let j be -6*4/(-8)*-3. Suppose 6 = 3*s + 3. Let p = s - j. Calculate the remainder when 17 is divided by p.
7
Suppose 4*x + 3*y + 0*y - 370 = 0, 2*x + 5*y = 192. Let z = -380 + 403. What is the remainder when x is divided by z?
22
Suppose -6*c + 4*c + 8 = 0. Let s = 16 - c. What is the remainder when 34 is divided by s?
10
Suppose 0*v + 3 = v. Suppose -5*n = g - 17, -v*g = -4*n - g + 8. What is the remainder when 35 is divided by (-2 - 2)/((-1)/n)?
11
Suppose -2*p + 10 = 2*t, 2*p = -0*p + t + 16. What is the remainder when p is divided by 2?
1
Let b(w) = w**2 - w - 1. Let t be b(5). Suppose 11 + t = -3*d. Calculate the remainder when 17 is divided by 2/2 - d/2.
5
Suppose 4*h - 1 = 3*q + 2, -4*h - 4*q = -24. Let m(k) = 3*k - 4. Calculate the remainder when m(4) is divided by h.
2
Suppose -5*y + 10*y - 30 = 0. What is the remainder when (-79)/(-9) - 4/(-18) is divided by y?
3
Calculate the remainder when 293 is divided by 7/((-7)/(-2))*7.
13
Let l be (-14)/(-4) - (-12)/8. Calculate the remainder when l + -3 - -10*2 is divided by 6.
4
Suppose 3*n - n = 46. Suppose 4*q + 112 = 2*p, -3*p - 76 = -4*p - 2*q. What is the remainder when p is divided by n?
20
Let f = 25 + -10. Calculate the remainder when f is divided by 6.
3
Suppose 7*t = 4*t + 243. Calculate the remainder when t is divided by 28.
25
Let w(i) = i**2 - i + 1. What is the remainder when 49 is divided by w(-3)?
10
Let v(r) = 7*r. Suppose 5*s - 6 = 4*k, -k + 3*s - 7 = -s. Let d(o) = -11*o + 2. Calculate the remainder when d(-1) is divided by v(k).
6
Let q = -11 - -57. Let a(c) = c**3 + 9*c**2 + 5*c - 8. What is the remainder when q is divided by a(-8)?
14
Let m = 6 + -13. Let u(k) = -k**3 - 8*k**2 - 7*k + 8. Calculate the remainder when u(m) is divided by 3.
2
Let h(g) = 2*g**3 + g**2 + 2. Calculate the remainder when 1/((-1)/8)*-8 is divided by h(2).
20
Let x = 10 + -2. Calculate the remainder when 21 is divided by x.
5
Suppose h + 0 - 11 = 0. Let n(s) = 3*s - 3. Let b = 6 - 3. Calculate the remainder when h is divided by n(b).
5
Let b = 2 + 24. Let y = -5 + b. Suppose 3*a - 173 = 2*j, 5*a - 91 - 199 = 3*j. What is the remainder when a is divided by y?
19
Let g(y) = -y**3 - 3*y**2 - 2. Suppose -9 = -4*q + 7*q, s + 4 = -3*q. Calculate the remainder when g(-4) is divided by s.
4
Let m = 107 + -91. Calculate the remainder when (-242)/(-8) - (-4)/(-16) is divided by m.
14
Suppose -3*h - 3*w = 90, -39 = h + 4*w - 0*w. Let q = h - -39. Calculate the remainder when (q/10)/(21/560) is divided by 11.
10
Let w = -203 + 356. Suppose w = u + 2*u. Suppose -3*a - 3*n = -u, 3*n + 29 = 2*a - a. Calculate the remainder when a is divided by 11.
9
Suppose 4*s + 0*s - 48 = 0. Let b(g) = 6*g + s + 0*g**2 + 2*g**2 - 9*g**2 - g**3. Calculate the remainder when b(-8) is divided by 10.
8
Let t(o) = -o**3 + 7*o**2 + 9*o - 6. Let v(l) = -l**3 + 5*l + 3. What is the remainder when t(7) is divided by v(-3)?
12
Let x = -15 + 11. Suppose -2*u = -3*u + 3. What is the remainder when ((-2)/x)/(1/10) is divided by u?
2
Suppose i + 5 + 0 = 0. Let g(d) = -d**3 - 5*d**2 - d - 1. What is the remainder when 5 is divided by g(i)?
1
Suppose -5*p = 2*c - 0*p - 160, 0 = -3*p - 6. What is the remainder when c is divided by 29?
27
Let b be 1 - 0 - (-3 + 1). Suppose -q + 0*l + 22 = b*l, -2*l = 5*q - 84. Calculate the remainder when 63 is divided by q.
15
Let i(v) = -v**3 + 12*v**2 - 11*v + 3. Let j be i(11). Suppose -5*f = -4*u - 96, 0*f = f + j*u - 4. Calculate the remainder when 61 is divided by f.
13
Suppose -17*o + 2*o + 465 = 0. Calculate the remainde